 + 32. What are the prime factors of z?
2
Let k = 7 - 7. Let g be -1 + 4 - k/8. Suppose 3*a = 2*v + 38, 2*v + 22 = g*a + 4*v. List the prime factors of a.
2, 5
Let v(x) = -2*x - 1 + 6*x**3 - 3*x**3 - 1 - 4*x**2 - 4*x**3. Let s be (2 + 0)*(-2 - 0). List the prime factors of v(s).
2, 3
Suppose -h = g - 0*g - 7, 0 = -3*h + 12. Suppose 3*q + 2 + 1 = g*d, 3*d + 4*q = 31. Suppose c - 4*c - d*n = 9, 10 = 2*c - 2*n. List the prime factors of c.
2
Let c = 3 - -2. Suppose -2*f + c*f = 216. Suppose -5*l + l + f = 0. What are the prime factors of l?
2, 3
What are the prime factors of 3/6 - 218/(-4)?
5, 11
Let t = -3 - -6. Suppose 2*m - o = 3*m - 22, -o = t*m - 64. What are the prime factors of m?
3, 7
Let c(s) = -1. Let x(d) = 11*d - 6. Let f(g) = -5*c(g) + x(g). What are the prime factors of f(1)?
2, 5
Let g(p) = -2*p**3 - 18*p**2 - 19*p + 1. What are the prime factors of g(-8)?
5
List the prime factors of (-81)/21 + 4 + (-965)/(-7).
2, 3, 23
Suppose -2*y + 129 = 49. What are the prime factors of y?
2, 5
Let d = -9 + 1. Let p be -1 + (1 + 1)/(-2). What are the prime factors of p/8 + (-58)/d?
7
Let j(a) = -a + 5. Let d be j(5). Suppose 0*y + 5*r - 60 = -4*y, d = -5*y - 2*r + 75. Suppose v = y - 1. List the prime factors of v.
2, 7
Let b(w) = 13*w + 19. What are the prime factors of b(7)?
2, 5, 11
Let q(c) = c**3 - 7*c**2 - 8*c + 7. Let p be q(8). Suppose o = 5*w - 7, -3*o - 3*w + 12 = -p*w. What are the prime factors of o?
2
Let u(c) = 3*c + 209. List the prime factors of u(0).
11, 19
Let s = -1 + 21. List the prime factors of s.
2, 5
Let v(p) = 16*p - 15. Let y be v(6). Let m = y + -45. List the prime factors of m.
2, 3
Let k(g) = g - 3. Let z be k(-5). Let y(s) = -4*s - 8. Let n be y(z). Suppose -2*w + 18 = 3*f - w, n = 4*f + 4*w. What are the prime factors of f?
2, 3
Let i(x) = -x**2 - 20*x + 18. What are the prime factors of i(-17)?
3, 23
Let q(t) = t**2 + 6*t + 25. What are the prime factors of q(-8)?
41
Let z(m) = m**2 + 6*m + 3. Let l be z(-5). Let q be 0 - (l + 0/3). Let k(n) = 3*n**2 + n + 2. What are the prime factors of k(q)?
2
Suppose 18*x + 1425 = 23*x. List the prime factors of x.
3, 5, 19
Let p = -87 + 132. Let v = p + -27. What are the prime factors of v?
2, 3
Let n(b) be the third derivative of -b**4/24 + 3*b**2. List the prime factors of n(-6).
2, 3
Suppose 2*u = 4*s - 14 - 2, -4*s = 2*u + 32. What are the prime factors of 51*(-1 - u/9)?
17
Let u(d) = d**2. Let h be u(2). Suppose -h*q + 21 = -15. Let y = q - -3. What are the prime factors of y?
2, 3
Let q = -37 + 73. What are the prime factors of q?
2, 3
Let y(d) = 3*d**2 + 7*d + 3. Let g(s) = 10*s**2 + 21*s + 9. Let l(z) = 2*g(z) - 7*y(z). What are the prime factors of l(-6)?
3
Let m(q) = -q**2 - 8*q - 6. Let v be m(-6). Suppose 0 = 3*l - v*l + 57. What are the prime factors of l?
19
Suppose -2*d + 0*d - 2 = 2*u, -u - 10 = 4*d. Suppose -u*m + 5 + 5 = 0. What are the prime factors of m?
5
Let o(t) be the first derivative of t**4/2 - t**3 + 5*t**2/2 - 4*t + 4. List the prime factors of o(2).
2, 5
Let a be (2*180)/3 + 1. Suppose 3*y - 4*y = -4*x - 40, -4*y + a = -3*x. List the prime factors of y.
2, 7
Let g be (-12)/15*75/(-6). Suppose 3*s = -2*s + g. Suppose -s*f + 74 = 5*q + 2*f, 4*f = 2*q - 24. What are the prime factors of q?
2, 7
What are the prime factors of (-4)/1 - (-5 + -3)?
2
Let i(z) = 3*z - 1. Let o be i(1). Let f be 18 + ((-6)/(-3) - o). Let q = 30 - f. List the prime factors of q.
2, 3
What are the prime factors of 48*((-28)/(-8))/7?
2, 3
Let u(n) = 6 + 3*n**2 + 0*n - n**2 + 2*n - 6*n. List the prime factors of u(6).
2, 3
Let h = -2 - -5. Suppose -4*l + 0*k - 2*k + 4 = 0, 3*l - h*k - 21 = 0. Suppose 4*p = -l + 27. What are the prime factors of p?
2, 3
Let a(i) = -i**2 - i + 3. Let r = 3 - 6. Let q be a(r). Let y = 9 + q. What are the prime factors of y?
2, 3
Let q(s) = 2*s**3 - s**2 - 21*s - 1. List the prime factors of q(5).
7, 17
Suppose -b + 3*s = -4*b + 9, -1 = -s. Suppose -a - a + 6 = 0. Suppose -d - 3*d + 2*f = -b, f + a = 3*d. What are the prime factors of d?
2
Suppose 5*u - 16 = -46. Let o be (u/(-9))/(2/(-6)). List the prime factors of 1 + (o - (-2 - 6)).
7
Let u = 6 - 3. Suppose -u*d = d - 128. Suppose 3*m - d = -m. What are the prime factors of m?
2
Suppose -f - 4*v + 5*v = -31, -5*f - 5*v = -195. List the prime factors of f.
5, 7
What are the prime factors of (-3)/6*-268 + -3?
131
Let n(s) = -s + 10. Let h be n(-9). Let t = -11 + h. List the prime factors of t.
2
Suppose -6*w + 23 - 101 = 0. Let m = 20 + -29. Let s = m - w. List the prime factors of s.
2
Let c(j) be the second derivative of 2*j**3/3 - 2*j**2 + 4*j. List the prime factors of c(4).
2, 3
Let y(s) = -s - 1. Let r be y(-1). Suppose 38 = 3*j - r*a - 4*a, 2*j - 24 = 2*a. What are the prime factors of j?
2, 5
Let g be (-2 - -4)/(7/(-294)). Let o = -57 - g. What are the prime factors of o?
3
Suppose 172 = 3*m + m. Suppose -5*c + m = -102. What are the prime factors of c?
29
Let m = 0 - -2. Let z be -2 + 9 - (-1 - 0). List the prime factors of 44/z - 1/m.
5
Let z(w) = w + 1 - w**3 + 4*w - 2*w - 3*w**2 + 0*w**3. What are the prime factors of z(-5)?
2, 3
Let b be ((-12)/(-3))/(2 + 0). Let i(k) = -k**3 + 3*k**2 + 6 + 5*k - 4*k**b - 4*k. List the prime factors of i(0).
2, 3
Suppose -7*p = -3*p - 164. Suppose -1 + p = o. List the prime factors of o.
2, 5
Suppose 3*u + 4*l + 14 = 4, -2*u + 20 = -4*l. Let j be 2*u*5/2. Let b = j - 3. List the prime factors of b.
7
Let v be (-3)/(-2) - (-18)/4. Let j = v - -5. List the prime factors of j.
11
Suppose 5*m - 2*s + 6*s - 16 = 0, 12 = 4*m + 3*s. Let z be (m + (6 - 0))*1. Suppose -70 = -5*c - 2*f - f, -c + f = -z. List the prime factors of c.
11
Let y(w) = -w**3 + 6*w**2 - 6*w + 3. Suppose 0*m - 25 = -5*m. Let a be y(m). List the prime factors of (-1 - 20)*a/6.
7
Let u be (4/(-1))/(4 - 6). Suppose u*n = -2*x - 2*n + 18, -2*x + 2*n + 12 = 0. Suppose -3*v + 5 + x = 0. What are the prime factors of v?
2
Let z be -2 + (-7)/(-3 - -2). Suppose z*n = 2*n + 21. Suppose -w + 11 = -n. List the prime factors of w.
2, 3
What are the prime factors of (4 - (-88)/(-20))*-280?
2, 7
Let b = 55 + -33. Suppose -b = -2*f + 2*p, f + 2*p - 6 = 2. List the prime factors of f.
2, 5
Let c be (-2 + 2)*(-2)/2. List the prime factors of 13 - (-1 - (c - 2)).
2, 3
Suppose -2*b + 0 = 2. Let j be 1*6*b/(-3). Suppose 0 = 2*r + 6 + 2, -j*u + 6 = r. List the prime factors of u.
5
List the prime factors of (-33)/(-3 - 6/(-3)).
3, 11
Let j(g) = g**2 + 4 - 1 + 4 - 5. List the prime factors of j(2).
2, 3
Let n(k) = 14*k**2 - 10*k + 1. Let v(b) = -5*b**2 + 3*b. Let d(q) = -4*n(q) - 11*v(q). Let x be d(5). Suppose -g = -x*g + 10. List the prime factors of g.
2
Let n be 1 + 0 + 0/(-1). Let i = 18 - n. What are the prime factors of i?
17
Let t = 30 + -53. Let r = t + 38. What are the prime factors of r?
3, 5
Suppose 0 = -4*o - 20, -7*i = -3*i + o + 5. Suppose i*h = -4*h + 8. Suppose 0 = u - h*u + 9. What are the prime factors of u?
3
Let t(y) = y**2 + y + 18. Let i be t(0). Let s be 1/((-1)/i*-2). Suppose -80 = 4*m - s*m. List the prime factors of m.
2
Suppose 0 = -v - t - 213, -609 = 3*v - 2*t - t. Let b be v/(-20) - 2/5. Let o = b - -5. List the prime factors of o.
3, 5
Let m be 2/(-8) + 26/8. Let y(l) = 2*l**2 + 4*l. Let r be y(m). Suppose -s + 4*s = r. What are the prime factors of s?
2, 5
Let g = -25 + 14. Let b = g + 18. What are the prime factors of b?
7
Let m(b) = b**2 - 3*b + 5. List the prime factors of m(-5).
3, 5
Let o = -223 - -315. List the prime factors of o.
2, 23
Let f(z) = z**2 + 15*z + 13. Let p be f(-13). Let o = p - -18. What are the prime factors of o?
5
Let l = 31 - 12. What are the prime factors of l?
19
Suppose -4*a + 8*a - 4 = 0. Let g(d) = 7*d**3 - 2*d**2 + 1. Let n be g(a). List the prime factors of (-38)/(4/n*-3).
19
Let s = 11 + -17. List the prime factors of 189/5 + s/(-30).
2, 19
Suppose 152 = 3*q - 5*n, -4*q - n + 40 = -3*q. List the prime factors of q.
2, 11
Suppose -a + 13 + 38 = 0. Let w = a - 23. List the prime factors of w.
2, 7
Suppose -13*n + 156 = -9*n. What are the prime factors of n?
3, 13
Suppose 0 = -21*w + 24*w - 354. List the prime factors of w.
2, 59
Let o be ((-2)/1 - -3)*-4. Let j(v) = v**3 + 5*v**2 + 3*v + 3. List the prime factors of j(o).
7
Suppose 0 = x +